nds digit of 9 - (-171)/(-18) - 9932/(-8)?
1
Suppose 5*g + 37 + 288 = 0. Let y = -39 - g. What is the units digit of y?
6
Let l(a) = 3*a - 4. Let q be l(2). Suppose 5 = 2*s - u, q*s + 2*s - 45 = -5*u. Let h = s + 1. What is the units digit of h?
6
Suppose -95*a - 720 = -98*a. What is the tens digit of a?
4
Suppose 12 = 10*m - 7*m. Let w = -1 + m. What is the units digit of 6/w + (1 - 2)?
1
Let i(c) = -c**2 - c. Let t(v) = 4*v**2 + 13*v + 1. Let g(o) = 2*i(o) + t(o). Let b = 11 + -19. What is the units digit of g(b)?
1
Let k = 1 - -2. Suppose 0 = -4*f - k*m + 41, 3*f + m = -m + 30. Suppose -4*h - 84 = -f*h. What is the tens digit of h?
2
Suppose 62*h - 13880 = 52*h. What is the units digit of h?
8
Suppose 0 = 66*c - 69*c - 12. Let u(q) = -q**3 + 5*q**2 + 6. What is the hundreds digit of u(c)?
1
Let y(x) = -599*x. What is the units digit of y(-1)?
9
Suppose -22*z + 312 = -20*z. What is the units digit of z?
6
Let a(z) = -z**2 - 7*z + 14. Let t be a(-8). Suppose t = -3*h, -h - 285 = -5*d + 4*h. What is the tens digit of d?
5
What is the thousands digit of (-1 - -2897) + 3 + (-9 - -14)?
2
Let i(s) = -s**3 + 5*s**2 - s - 4. Let k be i(3). Let n(y) = 4*y**2 - 23*y - 1. What is the hundreds digit of n(k)?
2
Suppose -38 = d + d. Let w = d + 48. What is the units digit of w?
9
Let x = -1342 - -2069. What is the tens digit of x?
2
Suppose -32*f = -31*f + 19. What is the tens digit of (-2 + -1)*(4 + f)?
4
Let q be (-6)/24 - 25/(-4). Suppose -r = n - 2 - 1, 2*n = 2*r - q. Suppose n = -g - 0*g + 12. What is the units digit of g?
2
Suppose -3*y = 3*v - 4638, 9*y - 7726 = -5*v + 8*y. What is the units digit of v?
5
Let w be (-3*(1 + (-23)/(-3)))/(-2). What is the tens digit of (1 - (0 + -34))*(w + -10)?
0
Let k(y) = -11*y - 2*y**2 + 6*y + 3*y**3 - 1 + 8*y. What is the tens digit of k(3)?
7
Let l = -78 + 216. Let c = -85 + l. What is the tens digit of c?
5
Let b(u) = -u**3 + 9*u**2 - 5*u + 8. Let q be b(6). What is the units digit of q/14 - 3/21?
6
Let a(w) = w**2 + 5*w - 5. Let p = 7 + -13. Let d be a(p). Let g(i) = 5*i**3 - i**2 - i + 1. What is the units digit of g(d)?
4
Suppose 4*q + 5 - 33 = -4*x, x - 2*q + 2 = 0. Suppose x*j = -5*h + 797, -2*h + 0*j + 3*j + 328 = 0. What is the hundreds digit of h?
1
Suppose 21*n = q + 17*n - 2157, -q - 3*n + 2178 = 0. What is the thousands digit of q?
2
Suppose -2*n - 2*n = b - 2, -1 = n. Let t be 2/b + 654/(-18). Let k = t + 69. What is the units digit of k?
3
Let f(d) = -970*d**3 - d. What is the tens digit of f(-1)?
7
Suppose 0 = -3*s - 1 + 25. Let w = -4 + s. Suppose d - w = 2. What is the units digit of d?
6
Let u(z) = z**3 - 7*z**2 + 2*z - 6. Let j be u(7). Suppose -7*p + j = -13. What is the units digit of p?
3
Suppose -2*l + 186 - 613 = 3*h, 0 = -3*h + 2*l - 407. Let t = 275 + h. What is the hundreds digit of t?
1
Suppose -15*g = 3*x - 19*g - 877, 3*g + 876 = 3*x. What is the hundreds digit of x?
2
Suppose 9*p - 11*p = 60. Let y be 40/p*(-6)/4. Suppose -x + 1 = 4*j + 2*x, j + 3*x = -y. What is the units digit of j?
1
Let q(x) be the second derivative of x**3/6 - 9*x**2/2 - 4*x. Let a be q(11). Let n = 6 - a. What is the units digit of n?
4
Let s be 16/20 + 302/10. Let n = -3 + s. What is the tens digit of n?
2
Let w be (17 + 4)/(-3)*-1. Suppose 0*y + 19 = y. Let k = y - w. What is the tens digit of k?
1
Let w be ((-2)/(-4))/((-1)/4). Let n be (50/10)/((-2)/w). Suppose 19 = n*t - 4*t. What is the units digit of t?
9
Let p(d) = 3*d**2 + 8*d - 5. Let s be p(6). Let o = -82 + s. What is the tens digit of o?
6
Suppose 4*s - k = 1588, s + k - 397 = -k. What is the tens digit of s?
9
Suppose 3*b + 2*b = 3*k - 303, 0 = -4*b + 12. What is the hundreds digit of k*1 - (15 + -17)?
1
Let z = 31 - 18. Suppose 21 + z = k. What is the tens digit of k?
3
Let n be ((-6)/(-5))/(6/15). Let q be n/6 - 1/2. Suppose 4*m - m - 78 = -3*u, q = -4*u + m + 104. What is the units digit of u?
6
Let z(r) = 2*r**2 + 16*r - 21. Let d be z(-10). Suppose -l = -4*k - d, 3*l - l + 2*k - 68 = 0. What is the units digit of l?
1
Let g be (-1)/(3 - 94/31). Let y = 36 + g. What is the units digit of y?
7
Let c = 1175 + -449. What is the units digit of c?
6
Let o = -33 - -58. Suppose -11*j + 6*j = -10. What is the tens digit of o/j + 12/8?
1
Suppose -4*p - h - 3 = -10, 4*p - 4*h = 32. Let t be -1*(-9)/p + 2. Suppose 5*a - 45 = -t*b, -a - 51 = -6*a - 2*b. What is the tens digit of a?
1
Let l be 0/(-1) + 4 + 0. Suppose -4*u = -5*y + 247, -y = 2*y - 2*u - 147. Suppose -l*d + y = -13. What is the tens digit of d?
1
Suppose -1792 = 3*b - 7*b. What is the tens digit of b?
4
Let z(q) = q**3 + 2*q**2 - 5*q - 7. Let w be z(-2). Let v(f) = 3*f**3 + 4*f**2 - 4*f + 5. What is the hundreds digit of v(w)?
1
Let n(s) = 2*s**2 - 12*s + 172. What is the tens digit of n(22)?
7
Let t(c) = -32*c + 28. What is the units digit of t(-12)?
2
Let p be 90/8 - (-1)/(-4). Let s(u) = -19*u**2 + 18*u - 8. Let x(m) = -16*m**2 + 17*m - 8. Let a(o) = -5*s(o) + 6*x(o). What is the units digit of a(p)?
3
Suppose 4*i = u + 5745, -2*u = i - 1000 - 443. What is the hundreds digit of i?
4
Let q be 6*(-1)/2 + 5. Suppose 2*n + 0*n - 10 = 0. Suppose q = n*l - 63. What is the units digit of l?
3
Suppose -4*m = -7*m + 2004. What is the tens digit of m?
6
Suppose 83*o + 13257 = 92*o. What is the units digit of o?
3
Suppose -4*x = -3*n - 183, 2*x + 5*n - 19 = 40. Suppose -6*i + 2*i = -2*k + x, 23 = 3*k + 4*i. Suppose 2*t = k + 29. What is the tens digit of t?
2
What is the hundreds digit of ((-21)/(-56) + 1/8)*1874?
9
Let h(v) = v - 22*v - 67*v**2 + 71*v**2 + 3*v. What is the tens digit of h(9)?
6
Let y be 6 + 3 + (-1)/1. Suppose d = y*d - 413. What is the tens digit of d?
5
Suppose -3*a - 5*t - 34 = -0*a, -2*t = 5*a + 63. Let z(y) = y**3 + 14*y**2 + 10*y + 11. What is the tens digit of z(a)?
5
Suppose 0 = 2*v - 0*v - 2, 2*k + 2*v - 4 = 0. Let l = k - -4. Suppose -5*n = -3*u - 228, l*u + 197 = 4*n + 25. What is the tens digit of n?
4
Suppose -1 + 17 = -4*b + 4*z, -b = -4*z + 1. Let i(s) = -s**3 - 5*s**2 - 3*s + 6. Let p be i(b). Suppose 0 = -18*k + p*k - 39. What is the tens digit of k?
1
Suppose 0*x = 5*x - 1200. Suppose -y + 5*y = -x. Let j = -30 - y. What is the units digit of j?
0
Let n(j) = -2*j**3 - 3*j**2 - 3*j - 1. Let b(d) = -22*d + 13. Let q(t) = -15*t + 9. Let u(s) = 5*b(s) - 7*q(s). Let i be u(1). What is the units digit of n(i)?
5
Let r be (-112)/40 + 4/5. Let h(q) = 18*q. Let a be h(r). What is the units digit of 30/(-4)*120/a?
5
Suppose -y - 8 - 7 = -5*p, 5*y + 15 = -5*p. Suppose v + 42 = 3*f + 14, 3*v + p*f + 29 = 0. What is the units digit of (3/(-5))/(v/455)?
1
Suppose 0 = 4*y + 20, -3*f = 2*y + 19 - 6. Let l(x) = -5*x - 3. Let n be l(f). Suppose -39 = -n*b + b. What is the units digit of b?
9
Let d(b) be the second derivative of -171*b**5/20 + b**4/6 - b**2/2 - 3*b. Let s be d(-1). Suppose a - 5*a + s = 0. What is the units digit of a?
3
Suppose -3*v = -186 + 63. What is the units digit of v + 3 + (-1 - -2)?
5
Let r = 97 + -49. Suppose 2*t = r + 26. Let g = -19 + t. What is the tens digit of g?
1
Let d be (2 + 0)/(9/18). Suppose -131 - 225 = -d*y. What is the units digit of y?
9
Suppose -75360 = -41*l + 11*l. What is the units digit of l?
2
Let c(b) = -b**2 + 17*b - 18. Let f(m) = -m**2 + 20*m + 17. Let h be f(19). Let w = h - 28. What is the tens digit of c(w)?
5
Suppose -2*y - 425 = -2*m - 9153, -5*y + 21821 = -4*m. What is the units digit of y?
5
Let n(k) be the third derivative of -k**4/6 + 59*k**3/6 + 8*k**2. What is the units digit of n(-22)?
7
Suppose 5*d - 67 + 67 = 0. Suppose -3*u - 2*u + 25 = 0. Suppose -t + u*t - 4*p = 0, 5*p - 25 = d. What is the units digit of t?
5
Let i be 90/12*(-14)/3. Let r = i + 52. What is the units digit of r?
7
Let w be -4 - ((3 - 4) + -23). Let r = 23 - w. Suppose 0*o - 74 = -4*a - r*o, 4*o + 8 = 0. What is the units digit of a?
0
Suppose 4 + 14 = 6*u. Suppose -98 = -x - 5*f, 2*x + 0*f - u*f - 196 = 0. What is the units digit of x?
8
Suppose -3*d - 73 = 11. Suppose 1347 = -5*u - 4*n, 0 = 5*u - 3*n + 861 + 465. What is the tens digit of u/(-21) + (-8)/d?
1
Suppose -5*q = -2*g - 1798, 2*q - 5*g - 504 = 232. What is the hundreds digit of q?
3
Let f = 45 + -37. What is the units digit of ((-70)/f)/7*-12?
5
Let y(g) = -466*g + 9. What is the